 by 4.
3
Suppose 4*b = -30 + 158. Let s(l) = -4*l - 1. Calculate the remainder when b is divided by s(-3).
10
Let p be (-200)/(-11) - 2/11. Suppose -26 = -3*u + 4*b, 5*b + p + 5 = -u. What is the remainder when 3 is divided by u?
1
Suppose -5*i + 0*i = 5*q, 0 = -2*i + 3*q. Suppose 3*r + 0*r - 45 = i. Suppose -7 = -z + 37. What is the remainder when z is divided by r?
14
Suppose -8*l = -183 + 47. What is the remainder when 48 is divided by l?
14
Let b(r) = -r**3 + 5*r**2 - r + 4. Calculate the remainder when 111 is divided by b(3).
16
Let p = -19 + 45. Let z = p - 13. What is the remainder when 49 is divided by z?
10
Suppose 5*d - 14 = -y, d = -0*d + 2*y - 6. Suppose -27 = d*o + o. Calculate the remainder when o/12*(-34 - 2) is divided by 14.
13
Suppose 3*j - 3 = 4*z - 2*j, 3*j = -3. Let b = z + 7. Suppose -b*s + 142 = 4*t, 2*s + 194 = 5*t - 0*s. What is the remainder when t is divided by 13?
12
Let k(h) = h**3 + 7 - h + h + 6*h + 8*h**2. Let d(p) = -16*p - 1. What is the remainder when k(-6) is divided by d(-1)?
13
Let y(p) = -p**3 + 9*p**2 + 13*p - 5. Calculate the remainder when 47 is divided by y(10).
22
Let s be 18/3 + 0 + -2. Suppose 63 = 5*a + 3*m - 14, s*m - 12 = -a. What is the remainder when 46 is divided by a?
14
Let o(a) = 4 + 0*a + 2*a + 7*a + a - a**2. Let w be o(10). Suppose u + 4*u = 20, 2*d - 5*u - w = 0. Calculate the remainder when 35 is divided by d.
11
Let v(d) = -d**2 + 7*d - 1. What is the remainder when (-52)/(-3)*(-6)/(-4) is divided by v(5)?
8
Suppose 3*y - 4*s = 49, -5*s - 50 = -4*y + 14. Calculate the remainder when 26 is divided by y.
4
Let w(j) = -3*j - 19. Calculate the remainder when 83 is divided by w(-11).
13
Let n be ((-137)/3)/(2/18). Let u = -283 - n. Suppose 2*b - u = -2*b. Calculate the remainder when b is divided by 11.
10
Let m(f) = -f**3 - 14*f**2 + 12*f - 6. Calculate the remainder when m(-15) is divided by 14.
11
Let k = 10 + 2. Suppose 3*o = -2*o + r + 24, 3*r = 3*o - 12. What is the remainder when k is divided by o?
2
Suppose 0 = -s - u + 73, 0 = -2*s - 2*u - 2*u + 136. What is the remainder when s is divided by 20?
18
Suppose 3*d - 2 + 17 = 0. Let c = 8 + -6. Calculate the remainder when c is divided by (-24)/(-10) - (-2)/d.
0
Suppose -5*z + 41 = -34. What is the remainder when 28 is divided by z?
13
Suppose 0*a - a = 5*g - 15, 2*g - 6 = 0. Suppose -j + 5 = -a*j. Calculate the remainder when 13 is divided by j.
3
Let g(k) = -2*k**2 - 16*k - 2. What is the remainder when 43 is divided by g(-6)?
21
Let f = -3 + 9. Suppose 4*v - b - 30 = 4*b, v - 2*b = f. Suppose 4*p - 87 = 5*m, -2*p + 0*m + 3*m = -45. Calculate the remainder when p is divided by v.
8
Let y = 18 - 14. Calculate the remainder when 6 is divided by y.
2
Let u = 7 - -7. Suppose -4*f - 58 = -2*l + 14, -2*l - 5*f = -81. Let v = -12 + l. Calculate the remainder when v is divided by u.
12
Suppose 0 = 9*n - 95 - 22. What is the remainder when 76 is divided by n?
11
Let r(s) = 2*s**2 + 6*s + 37. Calculate the remainder when r(-10) is divided by 30.
27
Let q(s) = -s**3 - 12*s**2 + 9*s - 3. Suppose 6*r + 47 = 3*h + 2*r, 12 = 3*r. Let o = h - 8. What is the remainder when q(-13) is divided by o?
10
Let r = -3 - -3. Suppose m + 4*m - 425 = r. Suppose 3*g + 2*g - m = 0. What is the remainder when g is divided by 6?
5
Suppose 0 = 4*v - 16, 5*o - 7 = -5*v + 83. Suppose -n = -9 - o. What is the remainder when n is divided by (1 - -2)*(-8)/(-3)?
7
Suppose 50 = -5*h + 270. Calculate the remainder when h is divided by 21.
2
Let s(g) = g**3 - 2*g**2 + g - 1. Let w(c) = 9*c**2 - 2*c + 2. Let t be w(3). Suppose 3*u = t - 14. What is the remainder when u is divided by s(3)?
10
Suppose -3*p = 5*i - 164, 5*i + 5*p = 11 + 149. Suppose -6 - 30 = -2*k. Calculate the remainder when i is divided by k.
16
Suppose 0 = -y + 2 + 2. Suppose 2*r + 2*r + 5*g - 19 = 0, r + 14 = 5*g. Calculate the remainder when (-5)/(-15)*33*r is divided by y.
3
Calculate the remainder when 564/9 + 2/(-3) is divided by 21.
20
Let y(p) = -p + 4. Let x be y(6). What is the remainder when 374/8 - x/8 is divided by 24?
23
Let f(s) = 4*s + 1. Let n be f(1). Suppose -5 = -n*a, 8*i - 2*a = 3*i + 58. Calculate the remainder when 23 is divided by i.
11
Suppose -q = -1 - 0. Let r(f) = 5*f + 1. Suppose -5*d - 5*s + s = -51, -49 = -4*d + 5*s. What is the remainder when d is divided by r(q)?
5
Let z(k) = 2*k**2 + 25*k - 50. What is the remainder when 37 is divided by z(-15)?
12
What is the remainder when 15 is divided by 3/1 - (-6 - -3)?
3
Suppose -193 = 2*f - 7*f + 2*q, 38 = f - q. What is the remainder when 152 is divided by f?
35
Suppose -2*m = -0*m. Suppose 0 = -m*u - 2*u + 270. Suppose 4*k - 9 = u. Calculate the remainder when k is divided by 19.
17
Suppose -2*s - 10 + 4 = 0. Let p = 11 + s. Calculate the remainder when 22 is divided by p.
6
Let c = 26 + 2. Let k = 50 - c. Calculate the remainder when k is divided by -12*(-1)/(-2)*-2.
10
Let a = 223 - 133. Suppose l = 3*l - a. Calculate the remainder when l is divided by 12.
9
Suppose 1 = -m + 3*y + y, 0 = -5*m - 2*y + 83. What is the remainder when -2 + (-1068)/(-18) - (-4)/6 is divided by m?
13
Suppose 0 = -3*t + t + 18. Suppose -75 = -3*b - 0*b. Calculate the remainder when b is divided by t.
7
Calculate the remainder when 21 is divided by (-4 + 0)/(10/4 + -3).
5
Let c = 23 - -21. Suppose -c = -3*y + y. Let n(o) = 3*o - 1. What is the remainder when y is divided by n(3)?
6
Let o(d) = d**3 + 6*d**2 + 4*d + 1. Let g be o(-5). Let t(i) = 4*i - 5. What is the remainder when t(g) is divided by 11?
8
Let s be ((-12)/8)/(6/(-20)). Suppose 0 + 35 = s*l. Calculate the remainder when 19 is divided by l.
5
Let y(a) = -a**2 + a + 3. Let j be y(0). Let g be -1*4/(-6)*j. Suppose w - 20 = -3*z, -g*w - 25 = -4*z - 5*w. Calculate the remainder when 19 is divided by z.
5
Let g(d) = d**2 - 11*d + 11. What is the remainder when 3 is divided by g(10)?
0
Suppose 5*p = 38 + 142. Suppose p = 4*z - 4*q, 0 = -z + 2*q + 4 + 1. What is the remainder when z is divided by 5?
3
Suppose 4*u - 87 = -11. Suppose 5*v - 112 = 3*i + 46, 16 = 4*i. Suppose 13 - v = -3*g. What is the remainder when u is divided by g?
5
Let j = 5 + -2. Suppose -4 = -4*v + j*v. Suppose 3*z - 40 = -z. What is the remainder when z is divided by v?
2
Let i = 117 + -88. What is the remainder when 56 is divided by i?
27
What is the remainder when 26/(21/(-9) + (-18)/(-6)) is divided by 15?
9
Let m(x) = x**3 - 3*x**2 + 3*x. Let z = -2 - -4. Let v be m(z). Suppose -v*u + 27 = -3. What is the remainder when 29 is divided by u?
14
Let l(y) be the second derivative of -1/12*y**4 - 5/6*y**3 - 3*y + 0 - 1/2*y**2. What is the remainder when l(-4) is divided by 2?
1
Let p(h) = h**3 + 7*h**2 + 7*h. Let v be p(-5). Let f = -11 + v. Suppose q - 46 = -5*o, 5*o - q - 40 = f*q. Calculate the remainder when 35 is divided by o.
8
Suppose 4*a + 3*w - 42 - 329 = 0, -3*w = -15. What is the remainder when a is divided by 9?
8
What is the remainder when 1 is divided by (-4)/14 - 27/(-21)?
0
Suppose 5*l = 4*z, -4*l + 9*l + 5*z = 0. Suppose l = 2*j - 0*j - 24. Suppose 3*h = h + 66. Calculate the remainder when h is divided by j.
9
Suppose -33 = -b - 3*k, -b + 4*k + 17 = -k. What is the remainder when b is divided by 14?
13
Suppose 2*s - 17 = -x, -2*s + s - 5 = -4*x. Suppose 5*r + q - 128 = 2*q, 9 = -3*q. Calculate the remainder when r is divided by s.
4
Let z(n) = 24*n - 3. Let v be z(4). Let i = 132 - v. What is the remainder when i is divided by 14?
11
Let r(o) be the first derivative of o**4/4 - 4*o**3/3 - 5*o**2/2 + 6*o + 9. What is the remainder when 7 is divided by r(5)?
1
What is the remainder when 72 is divided by (21/(-28))/(3/(-60))?
12
Let z(n) = 11*n + 1. Calculate the remainder when 47 is divided by z(1).
11
Let x = 20 - -8. Let r be -2 + 4/((-4)/(-3)). Calculate the remainder when x is divided by r/(-2 + 93/45).
13
Let k(o) = -o**2 + 7*o + 3. Let z be k(7). Suppose 78 = -3*s - 4*d, s = -z*s + 3*d - 79. Let y = 34 + s. Calculate the remainder when 33 is divided by y.
9
Let d = -7 + 10. What is the remainder when 14 is divided by d?
2
Suppose 0 = 5*a - 43 - 7. Calculate the remainder when 28 is divided by a.
8
Let y(x) = -4*x - 16. Let n be (-1)/(2 - 15/8). Calculate the remainder when y(-11) is divided by (-82)/(-